{"id":2920,"date":"2022-04-03T14:53:44","date_gmt":"2022-04-03T14:53:44","guid":{"rendered":"https:\/\/spiruvita.tn\/?post_type=product&#038;p=2920"},"modified":"2026-04-24T15:30:53","modified_gmt":"2026-04-24T15:30:53","slug":"spiruline-bio-comprime","status":"publish","type":"product","link":"https:\/\/spiruvita.tn\/?product=spiruline-bio-comprime","title":{"rendered":"Spiruline Bio (90 comprim\u00e9s)"},"content":{"rendered":"","protected":false},"excerpt":{"rendered":"<p>Compl\u00e9ment alimentaire \u00e0 base de <strong>spiruline bio<\/strong>\u00a0d\u2019exception, qui contient 60% de prot\u00e9ines, sans excipient, ni additif.<\/p>\n<p>Chaque comprim\u00e9 contient une poudre de spiruline concentr\u00e9e obtenue \u00e0 partir d&#8217;algue enti\u00e8re.<\/p>\n","protected":false},"featured_media":3440,"comment_status":"open","ping_status":"closed","template":"","meta":{"site-sidebar-layout":"default","site-content-layout":"default","ast-main-header-display":"","ast-hfb-above-header-display":"","ast-hfb-below-header-display":"","ast-hfb-mobile-header-display":"","site-post-title":"","ast-breadcrumbs-content":"","ast-featured-img":"","footer-sml-layout":"","theme-transparent-header-meta":"default","adv-header-id-meta":"","stick-header-meta":"","header-above-stick-meta":"","header-main-stick-meta":"","header-below-stick-meta":""},"product_cat":[60,54],"product_tag":[57,56,59,58,55],"aioseo_notices":[],"_links":{"self":[{"href":"https:\/\/spiruvita.tn\/index.php?rest_route=\/wp\/v2\/product\/2920"}],"collection":[{"href":"https:\/\/spiruvita.tn\/index.php?rest_route=\/wp\/v2\/product"}],"about":[{"href":"https:\/\/spiruvita.tn\/index.php?rest_route=\/wp\/v2\/types\/product"}],"replies":[{"embeddable":true,"href":"https:\/\/spiruvita.tn\/index.php?rest_route=%2Fwp%2Fv2%2Fcomments&post=2920"}],"version-history":[{"count":4,"href":"https:\/\/spiruvita.tn\/index.php?rest_route=\/wp\/v2\/product\/2920\/revisions"}],"predecessor-version":[{"id":3404,"href":"https:\/\/spiruvita.tn\/index.php?rest_route=\/wp\/v2\/product\/2920\/revisions\/3404"}],"wp:featuredmedia":[{"embeddable":true,"href":"https:\/\/spiruvita.tn\/index.php?rest_route=\/wp\/v2\/media\/3440"}],"wp:attachment":[{"href":"https:\/\/spiruvita.tn\/index.php?rest_route=%2Fwp%2Fv2%2Fmedia&parent=2920"}],"wp:term":[{"taxonomy":"product_cat","embeddable":true,"href":"https:\/\/spiruvita.tn\/index.php?rest_route=%2Fwp%2Fv2%2Fproduct_cat&post=2920"},{"taxonomy":"product_tag","embeddable":true,"href":"https:\/\/spiruvita.tn\/index.php?rest_route=%2Fwp%2Fv2%2Fproduct_tag&post=2920"}],"curies":[{"name":"wp","href":"https:\/\/api.w.org\/{rel}","templated":true}]}}